-5) + -6 + 2?
0
What is 12 + 4 + -11 - 3?
2
Calculate 13 - (-2 + 4) - (0 + 5).
6
Calculate -14 + (15 - (-2 + 9)).
-6
What is 0 + (0 - 2) + 4?
2
What is (-3 + 2 - -5) + -2 + 3?
5
What is (1 - (3 + -6)) + -9?
-5
What is -5 + 10 + (-6 - -6) + -4?
1
-4 - (0 + 0 - 6) - 2
0
What is -8 + 6 - (-6 + 4)?
0
What is the value of (0 - 3) + (5 - (-1 + 5))?
-2
Evaluate -5 - (-7 + 3 - -9 - 6).
-4
What is (-1 - (1 + -2) - 3) + 8?
5
What is -2 - (-4 + 4) - -1?
-1
(-2 + 13 - (-3 - -8)) + -4
2
What is the value of 3 - 3 - (-5 - -4)?
1
0 + 1 + -1 - (32 - 36)
4
Calculate 2 + (-12 - (-3 - (-5 - -5))).
-7
What is the value of -7 - 13 - -12 - -2?
-6
What is -9 + 2 + 11 + -10?
-6
Evaluate -2 + 0 + 0 + 6.
4
Calculate (-2 - -1) + -3 + 4 - 5.
-5
-13 + 10 + (3 - (1 - 1))
0
Evaluate -6 + (1 + -2 - -3) - 0.
-4
What is the value of (0 - (-10 - -18)) + 0?
-8
0 + (0 - -3 - 1)
2
Calculate 3 + -5 + 4 - (0 - 1).
3
What is the value of 4 + -5 + 4 + -8?
-5
Evaluate 9 - 9 - ((0 - 0) + 3).
-3
Calculate 1 + (-8 - -3) - (-3 + 1).
-2
Evaluate 1 + -1 + (1 - -6).
7
Evaluate 8 - (-3 + 6 - -2).
3
What is the value of 4 - 1 - (-8 - 0)?
11
What is 0 + -4 - (6 - 6) - -9?
5
What is -1 + 20 + -19 + (-1 - -5)?
4
Calculate (8 - 10) + 7 + -4.
1
Evaluate 1 + 2 + (4 - (-5 + 5)).
7
Evaluate (0 - -4) + (6 - 14 - -3).
-1
Evaluate (-1 - -9) + -20 - -3.
-9
(8 + -9 - -8) + 0
7
Evaluate 0 - (2 - (3 + -1 - 5)).
-5
Calculate 7 - 14 - (-2 + 1 + -3).
-3
-10 + (6 + 10 - 6)
0
Evaluate 1 - 1 - (-1 + 5).
-4
Evaluate 11 - (-5 + 9) - -1 - 3.
5
Calculate 1 - 0 - (-9 + (6 - 2)).
6
What is -2 + 0 + (20 - 9 - 11)?
-2
What is the value of 15 - (-7 + 1 - -14)?
7
What is the value of 0 - 6 - (3 - 4 - 3)?
-2
Calculate (7 - (0 + 1)) + 503 + -509.
0
Evaluate 49 - 46 - (6 - -1).
-4
Calculate 8 - (9 - (13 - 6 - 5)).
1
What is 0 - (-3 + 8 + 0)?
-5
What is (-4 - -1) + -4 - -2?
-5
What is 7 - 1 - (119 - 113)?
0
What is the value of -4 + 3 + 4 + -8?
-5
Calculate 4 + 5 + (-7 - -1).
3
Evaluate 76 + -76 + (-2 - (2 - 0)).
-4
Calculate 3 + (11 - (0 + 11)).
3
What is the value of (0 - 1) + 10 - 14?
-5
Calculate 2 + (-4 - -7) - (4 - 7).
8
Calculate 5 + 0 + 0 + (5 - 7).
3
Calculate 18 - 13 - 3 - -5.
7
Calculate (-3 - 0) + -4 + (-6 - -17).
4
What is the value of 11 + (9 + -8 - 5)?
7
Calculate (5 - -5) + (-6 - (4 - 9)).
9
(-1 - (6 + -11) - 6) + 9
7
What is (-1 - (-3 + 6)) + 3?
-1
Evaluate 3 + 3 + (-4 - 1) + 7.
8
What is the value of -3 + 9 + (-3 - -2)?
5
Evaluate -3 + 0 + (-1 - (1 - 6)).
1
Evaluate -3 - 3 - (-2 + -8) - -4.
8
Calculate (-6 - (-14 - -7)) + -7.
-6
Calculate 7 - 3 - (-21 - -24).
1
0 - 6 - (-3 + 3)
-6
Calculate 2 + 12 + -8 - 9.
-3
What is the value of 3 - -2 - (-1 - (-2 - -2))?
6
Evaluate 0 + (5 + 0 - 6).
-1
Calculate -7 - (-5 + 5) - (-2 - 2).
-3
-1 + -3 + 9 + (-2 - 0)
3
Calculate 23 + 0 + -15 - 14.
-6
1 + (7 - (-5 - -14))
-1
0 + 5 + -10 + -1 + 10
4
What is the value of -4 - (-1 - 4) - (0 - -4)?
-3
What is -1 - (-3 + 7 + -3 + -3)?
1
What is -3 + -3 + 1 + 10?
5
What is the value of -13 + 13 + -2 + -1?
-3
Evaluate -5 - (5 + -13 + 5).
-2
What is 2 - (5 - (-2 + 7 + -3))?
-1
What is 0 + (0 - (1 - 6))?
5
Calculate -1 + (-11 - -1) - (104 - 109).
-6
What is the value of -3 + -1 - -4 - 3?
-3
What is 2 - (1 + 6 + -4)?
-1
Calculate 1 + 8 - (5 + 0).
4
What is (4 - 3) + 0 + 4?
5
Calculate -8 - (2 + (-9 - 0)).
-1
What is the value of -18 - -10 - (-9 + 3)?
-2
2 + -3 + 11 + 0 + -12
-2
What is the value of 4 - (-5 + 5 + 0)?
4
What is (3 - 0) + -2 + 3 + -5?
-1
What is the value of 9 - (1 - 2) - (67 - 63)?
6
What is -4 + 0 + 22 + -18?
0
-5 - ((4 - -2) + -8)
-3
Calculate -10 + 2 + 5 - -11 - 4.
4
Calculate (-1 + -2 - 2) + -23 + 24.
-4
What is the value of (2 - 1) + (-121 - -119)?
-1
What is -2 - 3 - (-1 + (-6 - -1))?
1
What is -6 - -3 - -7 - 5?
-1
What is 0 + (-3 - -5 - 1)?
1
What is 0 + 0 - (-2 - (-3 - -6))?
5
Evaluate -2 + 4 + (1 - -2).
5
Evaluate -18 + 16 + (-7 - -2) + 3.
-4
What is (21 - 10 - 19) + 5?
-3
What is -2 + ((3 - 5) + 0 - -9)?
5
What is -30 + 28 - (7 - 2)?
-7
Calculate 3 - (-2 + (-12 + 5 - -10)).
2
What is 5 - 1 - (2 + -1 + 7)?
-4
-4 - (-4 + 4 - (5 - 1))
0
(14 - 9) + -2 + 1 + -3
1
(-1 - (-2 + 2)) + (-6 - -12)
5
Evaluate 4 - 2 - (2 + -1).
1
What is the value of 5 + -4 + -3 + (3 - -2)?
3
Calculate (3 - 2) + 26 + -22.
5
What is the value of -5 - -4 - -5 - -1?
5
Evaluate 6 + (0 - 3) + -7.
-4
Evaluate 5 + (-2 - -1) + -2.
2
Evaluate (4 - -1 - 4) + (4 - 1).
4
-1 + (-2 - (2 - 5)) + 0
0
Evaluate 1 + -5 + (7 - 3).
0
What is the value of 20 - 10 - (5 + 0)?
5
Evaluate 5 + (-6 - -4) + -1.
2
5 + (-6 - (5 + -4))
-2
Evaluate 1 - (-5 - (-7 + -2)).
-3
Evaluate (0 - 3) + (-5 - -7).
-1
Calculate -2 + 5 + (4 - 4).
3
What is (-4 - -17) + -10 - 1?
2
Calculate 4 + 1 - (4 - 0) - 5.
-4
Calculate -3 + 1 + (-5 - -11) + -6.
-2
-3 + 1 + (4 - -1) + 2
5
What is the value of 8 + 4 + -4 + -1?
7
What is -3 + (1 - (-2 + -2)) - 7?
-5
Calculate (1 - -13 - 2) + -11 + 6.
7
3 + (-4 - 4) + -2 + 2
-5
Evaluate 0 - (-5 + (-2 - (-4 - -1))).
4
What is the value of -5 + (1 - (4 + -6 + 3))?
-5
What is 1 + 2 + 2 + -5?
0
Evaluate (0 - 4) + 0 + 5 - 4.
-3
Evaluate -1 + -5 - ((12 - 6) + -7).
-5
Evaluate -13 - (2 - 8 - -2).
-9
What is -3 - (-1 - 2) - (-16 - -17)?
-1
What is the value of (3 + 1 - 8) + 1?
-3
Calculate (15 - 5 - (1 + 4)) + -1.
4
What is the value of (-1 + 0 - 7) + 9 + -5?
-4
Calculate -4 + (-2 - (-1 + -5 + -1)).
1
What is -2 + (-6 + 5 - -1)?
-2
What is (-4 - 0) + (-11 - -18)?
3
(-5 - 0 - -6) + (0 - -1)
2
What is -4 - -1 - (4 + -13 + 7)?
-1
-7 + 3 + (3 - 1) - -6
4
Evaluate (-4 + 0 - (2 - -5)) + 4.
-7
What is -3 + -3 + 3 + 2?
-1
Evaluate (-37 - -32) + 1 + 2 + -1.
-3
What is (-1 - 0 - -1) + 3?
3
Evaluate 12 - (-5 + 3) - 7 - 3.
4
What is (0 - 2) + (-6 - -5) - 5?
-8
Calculate (17 - 4) + -5 - (7 + 2).
-1
Calculate -5 + 16 + (22 - 40).
-7
What is -2 + (3 - (5 + -2))?
-2
Calculate -3 + -6 + 5 + -4 + 4.
-4
Calculate -1 - (5 - (-1 + 5)).
-2
What is the value of -1 + 6 - 7 - -5?
3
2 + -1 + (-6 - -6)
1
What is the value of -1 + -4 + -3 + 6 + 0?
-2
What is (-15 - -19) + -1 + (-7 - -1)?
-3
-8 - (-2 + -2 + 1)
-5
Evaluate -2 + 0 - (0 + 1 - 5).
2
What is the value of (-3 - -2) + (-1 - -2) + 2?
2
Calculate 3 + -12 - (2 + -11).
0
What is 1 + 1 + -8 - (-3 - -1)?
-4
What is 4 - (4 + (2 - 1))?
-1
What is -3 + 8 + -8 + 1?
-2
Evaluate -3 - (1 + 0 + 0) - -5.
1
-7 + (-5 - (-2 - 6))
-4
What is 2 + -4 + 5 + 0 + -7?
-4
Calculate 6 - 20 - (-1 - 3).
-10
What is the value of (1 - 3 - (2 + -5)) + 2?
3
What is 7 + (-9 - 2) + -1?
-5
What is 6 - 6 - 2 - -8?
6
Evaluate (-2 - -2) + -6 + 6 - 0.
0
What is 0 + (0 - -3 - 6 - -4)?
1
Evaluate -6 - (-14 + (2 - -4)).
2
Evaluate -31 - -30 - (-4 - -2).
1
-2 - (-5 - (2 - 7) - -2)
-4
Calculate -7 + 5 - (7 - 4).
-5
Evaluate -5 - -6 - (1 + -2 + 4).
-2
0 + (-1 + 0 - (9 + -13))
3
What is the value of 4 + -7 + 0 + (2 - 1)?
-2
What is the value of -5 - (3 + -6) - -1 - -1?
0
Calculate 13 + -2 - (14 + -8).
5
Evaluate -15 - -8 - (0 + -3).
-4
0 - 1 - (-5 - (3 + -10))
-3
Calculate 7 - (11 + (17 - 13)).
-8
What is the value of -18 - -19 - ((-3 - -1) + 8)?
-5
Evaluate -1 + 1 + 2 + (-2 - -2).
2
0 - -1 - (-7 + 6)
2
Calculate 4 - (-1 + 5) - (-2 + -3).
5
Calculate (-4 - -7) + (-1 - -2) + 0.
4
(-3 - -3) + -6 + 5 - 0
-1
Calculate (-4 + 1 - -1) + 3.
1
Calculate (-7 - (-5 - -3)) + 0.
-5
Evaluate 6 + (-7 - -1 - 2).
-2
Calculate -3 - (-5 + -4 + 3).
3
What is the value of -6 + 1 + -2 + 10?
3
Calculate 62 + -69 + (1 - 1) + 4.
-3
3 + (6 - 3) + -3
3
Calculate 0 - -1 - (-15 + 3 - -16).
-3
What is (-1 - -5) + 11 + -7?
8
Calculate -4 - (-3 + (-2 + 5 - 7)).
3
Calculate 5 - (6 + -3 + 5).
-3
Calculate 6 - 2 - (7 + -7).
4
What is the value of -1 + -4 - (-26 + 21)?
0
Evaluate 2 + (2 - (2 + 2)).
0
-7 + 6 + 4 + 3
6
(-2 - (0 + 2)) + 3
-1
What is the value of 9 + 3 + -8 - (-1 + 5)?
0
-2 - (2 - (7 + 5)) - 2
6
What is the value of 6 - ((-1 - -2) + 3)?
2
80 + -70 + -8 + 0
2
What is 0 - (-1 + (-1 - -5) - 7)?
4
What is -5 - -1 - (0 - 3)?
-1
Evaluate 18 + -20 + (-2 - -1) - 2.
-5
-9 + (-13 - -23) - (1 + 5)
-5
What is -2 - (-3 + (0 - -4))?
-3
Calculate -3 - (0 + -3 - -5).
-5
Calculate 0 - (-4 + (2 - (-1 - 0))).
1
Evaluate -3 + 0 + -2 + -4 + 3.
-6
(2 - -1) + -21 + 20
2
What is the value of 2 - 1 - (4 - -15 - 15)?
-3
What is the value of 5 + (-9 - -8) - 8?
-4
Evaluate 3 + 2 + (13 - 10).
8
Calculate 4 + (6 - (20 - 7)).
-3